{"id":213,"date":"2024-11-29T18:12:04","date_gmt":"2024-11-29T18:12:04","guid":{"rendered":"https:\/\/www.gemeinde-ramstedt.de\/?page_id=213"},"modified":"2025-11-26T13:36:46","modified_gmt":"2025-11-26T13:36:46","slug":"ramstedter-schuetzenverein-von-1970-e-v","status":"publish","type":"page","link":"https:\/\/gemeinde-ramstedt.de\/?page_id=213","title":{"rendered":"Ramstedter Sch\u00fctzenverein von 1970 e.V."},"content":{"rendered":"<p>[et_pb_section fb_built=&#8220;1&#8243; admin_label=&#8220;section&#8220; _builder_version=&#8220;4.16&#8243; global_colors_info=&#8220;{}&#8220;][et_pb_row admin_label=&#8220;row&#8220; _builder_version=&#8220;4.27.4&#8243; background_image=&#8220;https:\/\/www.gemeinde-ramstedt.de\/wp-content\/uploads\/2024\/11\/RSV_Schuetzenfestbanner.png&#8220; background_position=&#8220;top_left&#8220; background_horizontal_offset=&#8220;0%&#8220; background_vertical_offset=&#8220;53%&#8220; min_height=&#8220;260px&#8220; custom_padding=&#8220;||28px|||&#8220; global_colors_info=&#8220;{}&#8220;][et_pb_column type=&#8220;4_4&#8243; _builder_version=&#8220;4.16&#8243; custom_padding=&#8220;|||&#8220; global_colors_info=&#8220;{}&#8220; custom_padding__hover=&#8220;|||&#8220;][\/et_pb_column][\/et_pb_row][et_pb_row _builder_version=&#8220;4.27.3&#8243; _module_preset=&#8220;default&#8220; global_colors_info=&#8220;{}&#8220;][et_pb_column type=&#8220;4_4&#8243; _builder_version=&#8220;4.27.3&#8243; _module_preset=&#8220;default&#8220; global_colors_info=&#8220;{}&#8220;][et_pb_heading title=&#8220;Ramstedter Sch\u00fctzenverein von 1970 e.V.&#8220; _builder_version=&#8220;4.27.4&#8243; _module_preset=&#8220;default&#8220; title_font=&#8220;||||||||&#8220; title_font_size=&#8220;40px&#8220; global_colors_info=&#8220;{}&#8220;][\/et_pb_heading][\/et_pb_column][\/et_pb_row][et_pb_row column_structure=&#8220;1_3,2_3&#8243; _builder_version=&#8220;4.27.4&#8243; _module_preset=&#8220;default&#8220; global_colors_info=&#8220;{}&#8220;][et_pb_column type=&#8220;1_3&#8243; _builder_version=&#8220;4.27.4&#8243; _module_preset=&#8220;default&#8220; global_colors_info=&#8220;{}&#8220;][et_pb_image src=&#8220;https:\/\/www.gemeinde-ramstedt.de\/wp-content\/uploads\/2024\/11\/RSV_Flagge.png&#8220; title_text=&#8220;RSV_Flagge&#8220; _builder_version=&#8220;4.27.4&#8243; _module_preset=&#8220;default&#8220; global_colors_info=&#8220;{}&#8220;][\/et_pb_image][\/et_pb_column][et_pb_column type=&#8220;2_3&#8243; _builder_version=&#8220;4.27.4&#8243; _module_preset=&#8220;default&#8220; global_colors_info=&#8220;{}&#8220;][et_pb_heading title=&#8220;Geschichte&#8220; _builder_version=&#8220;4.27.4&#8243; _module_preset=&#8220;default&#8220; global_colors_info=&#8220;{}&#8220;][\/et_pb_heading][et_pb_text _builder_version=&#8220;4.27.4&#8243; _module_preset=&#8220;default&#8220; global_colors_info=&#8220;{}&#8220;]<\/p>\n<p>Der Ramstedter Sch\u00fctzenverein wurde im Jahr 1970 gegr\u00fcndet. Er z\u00e4hlt mit zu den gr\u00f6\u00dften Vereinen im Dorf und hat zurzeit 86 Mitglieder.<\/p>\n<p>Der Verein hat sich zur Aufgabe gemacht, die Tradition und das Sch\u00fctzenbrauchtum als wertvollen Bestandteil des Dorflebens zu pflegen, zu wahren und die Jugend in diesem Sport zu f\u00f6rdern.<\/p>\n<p>Um dem Verein ein w\u00fcrdiges und traditionelles Erscheinungsbild zu geben, wurde von Gertrud Jans und Karla Sa\u00df im Jahr 1980 eine Fahne erstellt. Die Fahnenweihe fand am 19.06.1980 statt und wurde von dem damaligen Amtsvorsteher Pohns durchgef\u00fchrt.<\/p>\n<p>In den Jahren von 1986 \u2013 1995 und von 2001 &#8211; 2011 bestand eine Jugendabteilung. Diese w\u00fcrden wir gerne wieder aufleben lassen &#8211; interessierte Jugendliche sind herzlich eingeladen, an einem unserer monatlichen Schie\u00dfabende, die immer am zweiten Freitag im Monat im D\u00f6rpshuus stattfinden, vorbeizukommen!<\/p>\n<p>[\/et_pb_text][\/et_pb_column][\/et_pb_row][et_pb_row column_structure=&#8220;1_2,1_2&#8243; _builder_version=&#8220;4.27.4&#8243; _module_preset=&#8220;default&#8220; global_colors_info=&#8220;{}&#8220;][et_pb_column type=&#8220;1_2&#8243; _builder_version=&#8220;4.27.4&#8243; _module_preset=&#8220;default&#8220; global_colors_info=&#8220;{}&#8220;][et_pb_heading title=&#8220;Vorsitzende seit Vereinsgr\u00fcndung&#8220; _builder_version=&#8220;4.27.4&#8243; _module_preset=&#8220;default&#8220; global_colors_info=&#8220;{}&#8220;][\/et_pb_heading][\/et_pb_column][et_pb_column type=&#8220;1_2&#8243; _builder_version=&#8220;4.27.4&#8243; _module_preset=&#8220;default&#8220; global_colors_info=&#8220;{}&#8220;][\/et_pb_column][\/et_pb_row][et_pb_row _builder_version=&#8220;4.27.4&#8243; _module_preset=&#8220;default&#8220; min_height=&#8220;278.8px&#8220; global_colors_info=&#8220;{}&#8220;][et_pb_column type=&#8220;4_4&#8243; _builder_version=&#8220;4.27.4&#8243; _module_preset=&#8220;default&#8220; global_colors_info=&#8220;{}&#8220;][et_pb_text _builder_version=&#8220;4.27.4&#8243; _module_preset=&#8220;default&#8220; global_colors_info=&#8220;{}&#8220;]<\/p>\n<p>&nbsp;<\/p>\n<table border=\"1\" style=\"border-collapse: collapse; width: 36.4856%;\" height=\"229\">\n<tbody>\n<tr>\n<td style=\"width: 50%;\">1970 &#8211; 1979<\/td>\n<td style=\"width: 50%;\">Helmut Frahm<\/td>\n<\/tr>\n<tr>\n<td style=\"width: 50%;\">1979 &#8211; 1999<\/td>\n<td style=\"width: 50%;\">Erich Jans<\/td>\n<\/tr>\n<tr>\n<td style=\"width: 50%;\">1999 &#8211; 2017<\/td>\n<td style=\"width: 50%;\">Holger Schefer<\/td>\n<\/tr>\n<tr>\n<td style=\"width: 50%;\">\n<p>2017 &#8211; 2018<\/p>\n<\/td>\n<td style=\"width: 50%;\">Peter Deckmann<\/td>\n<\/tr>\n<tr>\n<td style=\"width: 50%;\">2018 &#8211; 2025<\/td>\n<td style=\"width: 50%;\">\n<p>Erich Koester<\/p>\n<\/td>\n<\/tr>\n<tr>\n<td style=\"width: 50%;\">ab 2025<\/td>\n<td style=\"width: 50%;\">Matthias Carstens\u00a0<\/td>\n<\/tr>\n<\/tbody>\n<\/table>\n<p>[\/et_pb_text][\/et_pb_column][\/et_pb_row][et_pb_row column_structure=&#8220;3_4,1_4&#8243; _builder_version=&#8220;4.27.4&#8243; _module_preset=&#8220;default&#8220; global_colors_info=&#8220;{}&#8220;][et_pb_column type=&#8220;3_4&#8243; _builder_version=&#8220;4.27.4&#8243; _module_preset=&#8220;default&#8220; global_colors_info=&#8220;{}&#8220;][et_pb_heading title=&#8220;Seit 2002 eingetragen im Vereinsregister&#8220; _builder_version=&#8220;4.27.4&#8243; _module_preset=&#8220;default&#8220; global_colors_info=&#8220;{}&#8220;][\/et_pb_heading][et_pb_text _builder_version=&#8220;4.27.4&#8243; _module_preset=&#8220;default&#8220; global_colors_info=&#8220;{}&#8220;]<\/p>\n<p>Seit dem 28.08.2002 ist der Ramstedter Sch\u00fctzenverein im Vereinsregister eingetragen und tr\u00e4gt seitdem den Rechtsformzusatz &#8222;e.V.&#8220;.<\/p>\n<p>2004 folgte die Anerkennung als gemeinn\u00fctziger Verein.<\/p>\n<p>Im Rahmen der Jahreshauptversammlung 2017 wurde Erich Jans zum Ehrenpr\u00e4sidenten des Ramstedter Sch\u00fctzenvereins ernannt als Dank f\u00fcr seine 20-j\u00e4hrige T\u00e4tigkeit als 1. Vorsitzender unseres Vereins.<\/p>\n<p>Beim Sch\u00fctzenfest im August 2025 wurde Holger Schefer zum Ehrenpr\u00e4sidenten des Ramstedter Sch\u00fctzenvereins ernannt.<\/p>\n<p>Den H\u00f6hepunkt im Vereinsleben bildet das j\u00e4hrliche Sch\u00fctzenfest. Dieses findet immer am 2. Sonnabend im August statt. Nach einem gemeinsamen Fr\u00fchst\u00fcck der Herren wird mit einem Umzug unter Begleitung einer Musikkapelle das Dorf geweckt. Nach der R\u00fcckkehr zum Festplatz wird mit dem Schie\u00dfen auf den Holzvogel begonnen. Am Vormittag sind nur die Herren aktiv, die mit einer Armbrust schie\u00dfen. Es gilt nun m\u00f6glichst viele Teile des Vogels abzuschie\u00dfen, um am Ende die K\u00f6nigsw\u00fcrde zu erreichen. Der Holzvogel, der f\u00fcr jedes Sch\u00fctzenfest wieder neu angefertigt wird, befindet sich auf einem ca. 14 m hohen Mast. Bis zum Jahr 2000 wurden die V\u00f6gel von Johannes Clausen gebaut, bis zum Jahr 2014 von Peter Deckmann. Seit 2016 \u00fcbernimmt Gero Dau-Schmidt diese Aufgabe, nachdem er im Jahr 2015 gemeinsam mit Peter Deckmann die V\u00f6gel baute. Die Damen schie\u00dfen ab mittags ebenfalls mit einer Armbrust auf Holzv\u00f6gel. Am Ende werden die Sch\u00fctzenk\u00f6nigin und der Sch\u00fctzenk\u00f6nig bekannt gegeben und proklamiert.<br \/>\u00a0Im Anschluss findet wieder unter Begleitung der Musikkapelle ein Umzug durch das Dorf statt, bei dem dann das K\u00f6nigspaar nach Hause gebracht wird. Mit einem kleinen Umtrunk und Blasmusik beim K\u00f6nig wird der Wettkampf abgeschlossen und der Umzug endet, wie er auch begonnen hat, auf dem Festplatz. Am Abend finden die Preisverteilung und der Festball statt.<\/p>\n<p>Neben den bereits erw\u00e4hnten vereinsinternen Veranstaltungen gab es von 1980 bis 2015 j\u00e4hrlich ein Vergleichsschie\u00dfen mit dem Schwabstedter Sch\u00fctzenverein. Nach einer kurzen Unterbrechung in den Jahren 2016 und 2017 fand das Vergleichsschie\u00dfen im Oktober 2018 erneut statt und wird nun wieder j\u00e4hrlich abwechselnd vom Sch\u00fctzenverein Ramstedt und dem Sch\u00fctzenverein Schwabstedt organisiert.<\/p>\n<p>Eine \u00e4hnliche Veranstaltung bildet das Amtspokalschie\u00dfen. Abordnungen von Sch\u00fctzenvereinen des Amtes Treene wetteifern dabei um den Pokal des Amtes Treene.<\/p>\n<p>[\/et_pb_text][\/et_pb_column][et_pb_column type=&#8220;1_4&#8243; _builder_version=&#8220;4.27.4&#8243; _module_preset=&#8220;default&#8220; global_colors_info=&#8220;{}&#8220;][et_pb_image src=&#8220;https:\/\/www.gemeinde-ramstedt.de\/wp-content\/uploads\/2024\/11\/RSV_Schiessstand.png&#8220; title_text=&#8220;RSV_Schiessstand&#8220; _builder_version=&#8220;4.27.4&#8243; _module_preset=&#8220;default&#8220; global_colors_info=&#8220;{}&#8220;][\/et_pb_image][\/et_pb_column][\/et_pb_row][\/et_pb_section]<\/p>\n","protected":false},"excerpt":{"rendered":"<p>Der Ramstedter Sch\u00fctzenverein wurde im Jahr 1970 gegr\u00fcndet. Er z\u00e4hlt mit zu den gr\u00f6\u00dften Vereinen im Dorf und hat zurzeit 86 Mitglieder. Der Verein hat sich zur Aufgabe gemacht, die Tradition und das Sch\u00fctzenbrauchtum als wertvollen Bestandteil des Dorflebens zu pflegen, zu wahren und die Jugend in diesem Sport zu f\u00f6rdern. Um dem Verein ein [&hellip;]<\/p>\n","protected":false},"author":2,"featured_media":0,"parent":0,"menu_order":0,"comment_status":"closed","ping_status":"closed","template":"","meta":{"_et_pb_use_builder":"on","_et_pb_old_content":"","_et_gb_content_width":"","footnotes":""},"class_list":["post-213","page","type-page","status-publish","hentry"],"_links":{"self":[{"href":"https:\/\/gemeinde-ramstedt.de\/index.php?rest_route=\/wp\/v2\/pages\/213","targetHints":{"allow":["GET"]}}],"collection":[{"href":"https:\/\/gemeinde-ramstedt.de\/index.php?rest_route=\/wp\/v2\/pages"}],"about":[{"href":"https:\/\/gemeinde-ramstedt.de\/index.php?rest_route=\/wp\/v2\/types\/page"}],"author":[{"embeddable":true,"href":"https:\/\/gemeinde-ramstedt.de\/index.php?rest_route=\/wp\/v2\/users\/2"}],"replies":[{"embeddable":true,"href":"https:\/\/gemeinde-ramstedt.de\/index.php?rest_route=%2Fwp%2Fv2%2Fcomments&post=213"}],"version-history":[{"count":10,"href":"https:\/\/gemeinde-ramstedt.de\/index.php?rest_route=\/wp\/v2\/pages\/213\/revisions"}],"predecessor-version":[{"id":391,"href":"https:\/\/gemeinde-ramstedt.de\/index.php?rest_route=\/wp\/v2\/pages\/213\/revisions\/391"}],"wp:attachment":[{"href":"https:\/\/gemeinde-ramstedt.de\/index.php?rest_route=%2Fwp%2Fv2%2Fmedia&parent=213"}],"curies":[{"name":"wp","href":"https:\/\/api.w.org\/{rel}","templated":true}]}}

Ramstedter Schützenverein von 1970 e.V.

<p>[et_pb_section fb_built=&#8220;1&#8243; admin_label=&#8220;section&#8220; _builder_version=&#8220;4.16&#8243; global_colors_info=&#8220;{}&#8220;][et_pb_row admin_label=&#8220;row&#8220; _builder_version=&#8220;4.27.4&#8243; background_image=&#8220;https://www.gemeinde-ramstedt.de/wp-content/uploads/2024/11/RSV_Schuetzenfestbanner.png&#8220; background_position=&#8220;top_left&#8220; background_horizontal_offset=&#8220;0%&#8220; background_vertical_offset=&#8220;53%&#8220; min_height=&#8220;260px&#8220; custom_padding=&#8220;||28px|||&#8220; global_colors_info=&#8220;{}&#8220;][et_pb_column type=&#8220;4_4&#8243; _builder_version=&#8220;4.16&#8243; custom_padding=&#8220;|||&#8220; global_colors_info=&#8220;{}&#8220; custom_padding__hover=&#8220;|||&#8220;][/et_pb_column][/et_pb_row][et_pb_row _builder_version=&#8220;4.27.3&#8243; _module_preset=&#8220;default&#8220; global_colors_info=&#8220;{}&#8220;][et_pb_column type=&#8220;4_4&#8243; _builder_version=&#8220;4.27.3&#8243; _module_preset=&#8220;default&#8220; global_colors_info=&#8220;{}&#8220;][et_pb_heading title=&#8220;Ramstedter Schützenverein von 1970 e.V.&#8220; _builder_version=&#8220;4.27.4&#8243; _module_preset=&#8220;default&#8220; title_font=&#8220;||||||||&#8220; title_font_size=&#8220;40px&#8220; global_colors_info=&#8220;{}&#8220;][/et_pb_heading][/et_pb_column][/et_pb_row][et_pb_row column_structure=&#8220;1_3,2_3&#8243; _builder_version=&#8220;4.27.4&#8243; _module_preset=&#8220;default&#8220; global_colors_info=&#8220;{}&#8220;][et_pb_column type=&#8220;1_3&#8243; _builder_version=&#8220;4.27.4&#8243; _module_preset=&#8220;default&#8220; global_colors_info=&#8220;{}&#8220;][et_pb_image src=&#8220;https://www.gemeinde-ramstedt.de/wp-content/uploads/2024/11/RSV_Flagge.png&#8220; title_text=&#8220;RSV_Flagge&#8220; _builder_version=&#8220;4.27.4&#8243; _module_preset=&#8220;default&#8220; global_colors_info=&#8220;{}&#8220;][/et_pb_image][/et_pb_column][et_pb_column type=&#8220;2_3&#8243; _builder_version=&#8220;4.27.4&#8243; _module_preset=&#8220;default&#8220; global_colors_info=&#8220;{}&#8220;][et_pb_heading title=&#8220;Geschichte&#8220; _builder_version=&#8220;4.27.4&#8243; _module_preset=&#8220;default&#8220; global_colors_info=&#8220;{}&#8220;][/et_pb_heading][et_pb_text _builder_version=&#8220;4.27.4&#8243; _module_preset=&#8220;default&#8220; global_colors_info=&#8220;{}&#8220;]</p>
<p>Der Ramstedter Schützenverein wurde im Jahr 1970 gegründet. Er zählt mit zu den größten Vereinen im Dorf und hat zurzeit 86 Mitglieder.</p>
<p>Der Verein hat sich zur Aufgabe gemacht, die Tradition und das Schützenbrauchtum als wertvollen Bestandteil des Dorflebens zu pflegen, zu wahren und die Jugend in diesem Sport zu fördern.</p>
<p>Um dem Verein ein würdiges und traditionelles Erscheinungsbild zu geben, wurde von Gertrud Jans und Karla Saß im Jahr 1980 eine Fahne erstellt. Die Fahnenweihe fand am 19.06.1980 statt und wurde von dem damaligen Amtsvorsteher Pohns durchgeführt.</p>
<p>In den Jahren von 1986 – 1995 und von 2001 &#8211; 2011 bestand eine Jugendabteilung. Diese würden wir gerne wieder aufleben lassen &#8211; interessierte Jugendliche sind herzlich eingeladen, an einem unserer monatlichen Schießabende, die immer am zweiten Freitag im Monat im Dörpshuus stattfinden, vorbeizukommen!</p>
<p>[/et_pb_text][/et_pb_column][/et_pb_row][et_pb_row column_structure=&#8220;1_2,1_2&#8243; _builder_version=&#8220;4.27.4&#8243; _module_preset=&#8220;default&#8220; global_colors_info=&#8220;{}&#8220;][et_pb_column type=&#8220;1_2&#8243; _builder_version=&#8220;4.27.4&#8243; _module_preset=&#8220;default&#8220; global_colors_info=&#8220;{}&#8220;][et_pb_heading title=&#8220;Vorsitzende seit Vereinsgründung&#8220; _builder_version=&#8220;4.27.4&#8243; _module_preset=&#8220;default&#8220; global_colors_info=&#8220;{}&#8220;][/et_pb_heading][/et_pb_column][et_pb_column type=&#8220;1_2&#8243; _builder_version=&#8220;4.27.4&#8243; _module_preset=&#8220;default&#8220; global_colors_info=&#8220;{}&#8220;][/et_pb_column][/et_pb_row][et_pb_row _builder_version=&#8220;4.27.4&#8243; _module_preset=&#8220;default&#8220; min_height=&#8220;278.8px&#8220; global_colors_info=&#8220;{}&#8220;][et_pb_column type=&#8220;4_4&#8243; _builder_version=&#8220;4.27.4&#8243; _module_preset=&#8220;default&#8220; global_colors_info=&#8220;{}&#8220;][et_pb_text _builder_version=&#8220;4.27.4&#8243; _module_preset=&#8220;default&#8220; global_colors_info=&#8220;{}&#8220;]</p>
<p>&nbsp;</p>
<table border="1" style="border-collapse: collapse; width: 36.4856%;" height="229">
<tbody>
<tr>
<td style="width: 50%;">1970 &#8211; 1979</td>
<td style="width: 50%;">Helmut Frahm</td>
</tr>
<tr>
<td style="width: 50%;">1979 &#8211; 1999</td>
<td style="width: 50%;">Erich Jans</td>
</tr>
<tr>
<td style="width: 50%;">1999 &#8211; 2017</td>
<td style="width: 50%;">Holger Schefer</td>
</tr>
<tr>
<td style="width: 50%;">
<p>2017 &#8211; 2018</p>
</td>
<td style="width: 50%;">Peter Deckmann</td>
</tr>
<tr>
<td style="width: 50%;">2018 &#8211; 2025</td>
<td style="width: 50%;">
<p>Erich Koester</p>
</td>
</tr>
<tr>
<td style="width: 50%;">ab 2025</td>
<td style="width: 50%;">Matthias Carstens </td>
</tr>
</tbody>
</table>
<p>[/et_pb_text][/et_pb_column][/et_pb_row][et_pb_row column_structure=&#8220;3_4,1_4&#8243; _builder_version=&#8220;4.27.4&#8243; _module_preset=&#8220;default&#8220; global_colors_info=&#8220;{}&#8220;][et_pb_column type=&#8220;3_4&#8243; _builder_version=&#8220;4.27.4&#8243; _module_preset=&#8220;default&#8220; global_colors_info=&#8220;{}&#8220;][et_pb_heading title=&#8220;Seit 2002 eingetragen im Vereinsregister&#8220; _builder_version=&#8220;4.27.4&#8243; _module_preset=&#8220;default&#8220; global_colors_info=&#8220;{}&#8220;][/et_pb_heading][et_pb_text _builder_version=&#8220;4.27.4&#8243; _module_preset=&#8220;default&#8220; global_colors_info=&#8220;{}&#8220;]</p>
<p>Seit dem 28.08.2002 ist der Ramstedter Schützenverein im Vereinsregister eingetragen und trägt seitdem den Rechtsformzusatz &#8222;e.V.&#8220;.</p>
<p>2004 folgte die Anerkennung als gemeinnütziger Verein.</p>
<p>Im Rahmen der Jahreshauptversammlung 2017 wurde Erich Jans zum Ehrenpräsidenten des Ramstedter Schützenvereins ernannt als Dank für seine 20-jährige Tätigkeit als 1. Vorsitzender unseres Vereins.</p>
<p>Beim Schützenfest im August 2025 wurde Holger Schefer zum Ehrenpräsidenten des Ramstedter Schützenvereins ernannt.</p>
<p>Den Höhepunkt im Vereinsleben bildet das jährliche Schützenfest. Dieses findet immer am 2. Sonnabend im August statt. Nach einem gemeinsamen Frühstück der Herren wird mit einem Umzug unter Begleitung einer Musikkapelle das Dorf geweckt. Nach der Rückkehr zum Festplatz wird mit dem Schießen auf den Holzvogel begonnen. Am Vormittag sind nur die Herren aktiv, die mit einer Armbrust schießen. Es gilt nun möglichst viele Teile des Vogels abzuschießen, um am Ende die Königswürde zu erreichen. Der Holzvogel, der für jedes Schützenfest wieder neu angefertigt wird, befindet sich auf einem ca. 14 m hohen Mast. Bis zum Jahr 2000 wurden die Vögel von Johannes Clausen gebaut, bis zum Jahr 2014 von Peter Deckmann. Seit 2016 übernimmt Gero Dau-Schmidt diese Aufgabe, nachdem er im Jahr 2015 gemeinsam mit Peter Deckmann die Vögel baute. Die Damen schießen ab mittags ebenfalls mit einer Armbrust auf Holzvögel. Am Ende werden die Schützenkönigin und der Schützenkönig bekannt gegeben und proklamiert.<br /> Im Anschluss findet wieder unter Begleitung der Musikkapelle ein Umzug durch das Dorf statt, bei dem dann das Königspaar nach Hause gebracht wird. Mit einem kleinen Umtrunk und Blasmusik beim König wird der Wettkampf abgeschlossen und der Umzug endet, wie er auch begonnen hat, auf dem Festplatz. Am Abend finden die Preisverteilung und der Festball statt.</p>
<p>Neben den bereits erwähnten vereinsinternen Veranstaltungen gab es von 1980 bis 2015 jährlich ein Vergleichsschießen mit dem Schwabstedter Schützenverein. Nach einer kurzen Unterbrechung in den Jahren 2016 und 2017 fand das Vergleichsschießen im Oktober 2018 erneut statt und wird nun wieder jährlich abwechselnd vom Schützenverein Ramstedt und dem Schützenverein Schwabstedt organisiert.</p>
<p>Eine ähnliche Veranstaltung bildet das Amtspokalschießen. Abordnungen von Schützenvereinen des Amtes Treene wetteifern dabei um den Pokal des Amtes Treene.</p>
<p>[/et_pb_text][/et_pb_column][et_pb_column type=&#8220;1_4&#8243; _builder_version=&#8220;4.27.4&#8243; _module_preset=&#8220;default&#8220; global_colors_info=&#8220;{}&#8220;][et_pb_image src=&#8220;https://www.gemeinde-ramstedt.de/wp-content/uploads/2024/11/RSV_Schiessstand.png&#8220; title_text=&#8220;RSV_Schiessstand&#8220; _builder_version=&#8220;4.27.4&#8243; _module_preset=&#8220;default&#8220; global_colors_info=&#8220;{}&#8220;][/et_pb_image][/et_pb_column][/et_pb_row][/et_pb_section]</p>

<p>Der Ramstedter Schützenverein wurde im Jahr 1970 gegründet. Er zählt mit zu den größten Vereinen im Dorf und hat zurzeit 86 Mitglieder. Der Verein hat sich zur Aufgabe gemacht, die Tradition und das Schützenbrauchtum als wertvollen Bestandteil des Dorflebens zu pflegen, zu wahren und die Jugend in diesem Sport zu fördern. Um dem Verein ein [&hellip;]</p>
